 15. Let q be g(6). What is the hundreds digit of 1*-1*(-223 - 18/q)?
2
Suppose -3*f = 5*v + 10, -v = -4*f - 0 + 2. Let g = -1 - f. What is the tens digit of 670/12 - g/6?
5
Let y = -664 + 1149. Suppose 488*h - y*h = 879. What is the tens digit of h?
9
Let k be (-4)/(-12) + 8772/9. Suppose 4950 - 1110 = 4*x - 4*v, 4*v - k = -x. What is the hundreds digit of x?
9
Suppose -2*h = 9*h + 6*h - 236198. What is the hundreds digit of h?
8
Suppose 0 = 3*m + 40 - 121. Let q = m - 31. What is the units digit of (-338)/(-4) - q/8?
5
Let t(d) = -d + 42. Let l be t(7). Let p(k) = 55 - 28 - 85*k - l. What is the tens digit of p(-3)?
4
Suppose -7*t - 132 = -3*t + 4*d, 0 = 5*d + 20. Let x = -51 - t. What is the units digit of 1359/39 + x/26 + 1?
5
Suppose 0 = -2*j - 2*b + 9742, -b - 3893 - 972 = -j. What is the thousands digit of j?
4
What is the thousands digit of 2 + (48843/5 - 135/225)?
9
What is the hundreds digit of 2298405/135 + 38/(-171)?
0
Let n be -1 + 3*4/12 - 87. Let o = -83 - n. Suppose -3*f + 9 = 0, o*f - 1457 = -14*x + 9*x. What is the hundreds digit of x?
2
Let l = 548 - 530. Suppose -l*t + 5334 + 3648 = 0. What is the tens digit of t?
9
What is the tens digit of (-22 + 101868/13)*(-21)/(-6)?
4
Let z = 296 - 291. Suppose -2*o = -7*o + z, -3*v + 1751 = -4*o. What is the units digit of v?
5
Let c be ((-178)/5)/(-1) + 2/5. Suppose -c*d + 34*d = 10. What is the tens digit of d - -2 - -3 - -75?
7
Let m(d) = 1417*d + 11. Let p(f) = f**2 - 2*f - 14. Let n be p(-3). What is the tens digit of m(n)?
2
Let r(k) = 9*k**2 + 76*k - 2311. What is the tens digit of r(57)?
6
Suppose -2074*m = -2079*m + 39910. What is the units digit of m?
2
Let x = 2429 + -1331. Let h = 1893 - x. What is the hundreds digit of h?
7
Suppose 0 = 4*q - 38400 - 47249 + 1873. What is the hundreds digit of q?
9
Suppose s = -2*y - 5, 3*s + 4*y + y + 10 = 0. Suppose -4*k = -h + 13, 2*h = 3*h - s. What is the tens digit of (-108)/(-4) - k/(-2)?
2
Let z(i) = 26274*i + 4078. What is the hundreds digit of z(3)?
9
Let z(o) = -2*o + 14. Suppose 14 + 6 = 4*r. Let u be z(r). What is the tens digit of (-1)/((5 - u)/(-36))?
3
Let v = 25510 + 36202. What is the thousands digit of v?
1
Let f(y) = y**3 + 6*y**2 - 89*y - 8. Let b be f(7). Suppose b*m + 3256 = 4*i + 8*m, i - 4*m - 796 = 0. What is the tens digit of i?
1
Let k = -281 + 401. Let j = 309 - k. Suppose -8*c + 163 + j = 0. What is the units digit of c?
4
Suppose -60*j + 56*j = -4. Let q(f) = f + 3. Let h be q(j). Suppose 0 = 3*p - h*p + 51. What is the tens digit of p?
5
Suppose -5*n - 5*x = 3 + 17, n - 5*x = -4. Suppose 0 = 4*m - 21 + 9. What is the units digit of 15*n/m*-2?
0
Let t be 252/2 - 220/(-55). Let o = t - -148. What is the tens digit of o?
7
Let r be (4 + 27/2)*(-24)/(-15). Let b(z) = 42*z + 25. What is the thousands digit of b(r)?
1
Let n(p) be the second derivative of -7*p**5/10 - p**4/12 - p**2 + 16*p - 2. What is the hundreds digit of n(-2)?
1
Let j(k) = -3*k**3 - 15*k**2 - 4*k - 5. Let g be j(-7). Let y = -7 + g. What is the hundreds digit of y?
3
Let l(v) = -v**2 - 12*v + 12. Let w be l(-9). Let g = w + -35. Suppose -g*i - 8 = -92. What is the tens digit of i?
2
Let t be (2154/3)/((-2)/(-24)*2). Suppose 55*o - 58*o = 4*b - 3224, 0 = -4*o - 3*b + t. What is the hundreds digit of o?
0
Suppose 0 = -11*r - 12*r + 5*r. Suppose -2*m + 5*u + 513 = r, 0 = 3*m - 5*m - 2*u + 534. What is the hundreds digit of m?
2
Suppose 0 = 5*y + 3*c - 13, y = -2*y - 3*c + 9. Suppose x + x = -2*w + 1482, 0 = y*x - 3*w - 1502. Suppose 30*p + x = 35*p. What is the tens digit of p?
4
Suppose -i + 109728 = 4*d, d - 54864 = -d + 2*i. Suppose 54*g = 34560 + d. What is the hundreds digit of g?
1
Let s be 14248/286 - (-4)/22. Let c = s + 256. What is the hundreds digit of c?
3
Let q be (-18)/(-30) + 51/15. Suppose 5*o = -5*y + 4725, 3768 = q*y + 8*o - 7*o. What is the tens digit of y?
4
Suppose -12*d = -230 - 190. Let x = d + 36. What is the units digit of x?
1
Suppose 258*k - 263*k = -b - 56614, 0 = -3*k - 4*b + 33973. What is the hundreds digit of k?
3
Let o be (-13)/(52/(-83320)) + -2. Suppose -o = -10*s - 3138. What is the thousands digit of s?
1
Let o be -4 + 125/15 - 1/3. Suppose w + o*w + 650 = 5*t, -654 = -5*t + w. What is the tens digit of t?
3
Let v be 6/12 - (-3)/(-6). What is the tens digit of v + -4 + 53 + -15?
3
Suppose 0 = 5*r - 20, 0 = p + 2*p - 3*r - 3. Suppose -3*f + 4297 = 4*c, p*c - 9*c + 4*f + 4304 = 0. What is the units digit of c?
5
Let q(h) = 110*h**3 - 3*h**2 - 5*h - 8. Let b be q(-2). Let g = b - -1820. What is the units digit of g?
0
Suppose 5*j = 2*f + 6965, -11*j + 5*f + 2786 = -9*j. Let t = j + -411. What is the hundreds digit of t?
9
Suppose -5*x - y + 15 = 0, x - 4*y + 21 = 3. Let m(i) = 2*i**x + 0*i**2 - i**2 + 2. What is the units digit of m(9)?
3
Let q be ((-1305)/(-25))/3 - 4/10. Suppose q*h - 29*h = -3732. What is the units digit of h?
1
Suppose -2*c - 4*c = -c. Suppose 6*m = -3*m + 5*m. What is the units digit of (-176 - m)/(-4) - c?
4
Let p(d) = -462*d - 9. Let s(g) = 100*g + 2. Let f(j) = -4*p(j) - 21*s(j). Suppose 0 = i + 1. What is the hundreds digit of f(i)?
2
Suppose -88 = b - 3*f, 0 = -19*b + 22*b + 5*f + 166. Suppose -4*i = -3*i - 284. Let p = i + b. What is the tens digit of p?
1
Suppose -24*i - 23074 + 90011 = -103991. What is the hundreds digit of i?
1
Suppose -36*v + 347228 + 151132 = 4*v. What is the units digit of v?
9
Let l(o) = -o**3 + 14*o**2 + 15*o + 6. Let m be l(15). Let j(x) = x + 11. Let i be j(m). Let g = i + -2. What is the units digit of g?
5
Suppose -h + 381 + 475 = -w, -2*w + 5*h = 1697. Let r = w + 1650. Suppose 987 = 8*p - r. What is the hundreds digit of p?
2
Let h(k) = -35*k**2 + 18*k + 8*k**2 + 16 + 11*k**2 + 15*k**2. Let p(q) = 15*q**3 + q. Let c be p(1). What is the units digit of h(c)?
8
Let x(s) be the second derivative of -s**5/20 + 3*s**4/4 + 11*s**3/6 - 4*s**2 - 33*s. Let z be x(10). What is the units digit of 10/z + (178 - -2)?
5
Suppose 31*f = 254*f + 267896 - 2899519. What is the thousands digit of f?
1
Let r(b) = -20*b**3 + b**2 + 15. What is the units digit of r(-4)?
1
Let g be 119/(-3) + 26/39. Let r be (g - 361)/(1*(-1 - -2)). Let s = r + 577. What is the tens digit of s?
7
Suppose x - 365 = 72. What is the hundreds digit of x/(1/(6 + -5))?
4
Let v(j) = 0*j**2 + 0 + 13*j**2 - 9 + 2*j. Let o(l) = -12*l**2 - 3*l + 10. Let b(s) = 5*o(s) + 6*v(s). What is the units digit of b(3)?
9
Suppose -436 = 3*l - 0*l + 2*m, 4*l = -4*m - 588. Let i = 257 + l. What is the units digit of i?
5
What is the thousands digit of 8171*1*(-100 - -101)?
8
Suppose -3*p = 11*p + 10*p. Suppose p = 8*s - 11*s + 42. What is the units digit of s?
4
Let w(o) = o**2 + 9*o - 13. Let l be -1 - -3 - (-2 + 12 + 3). What is the units digit of w(l)?
9
Let i(k) = 117*k - 73. What is the thousands digit of i(30)?
3
Suppose 3*n = -d - 3, -20 = -5*d - n - 7. Suppose q + 16 - d = -4*p, -q - 3*p = 11. Let k = q - -204. What is the units digit of k?
9
Let u = 366 - 262. Suppose -2*o + 3*j - 83 = 0, 5 = j + 2. Let c = u + o. What is the units digit of c?
7
Let j(g) = -g**3 + 10*g**2 + 6*g - 28. Let m be j(10). Suppose -29*a = -m*a + 2097. What is the units digit of a?
9
Let i(l) = 5*l**2 + 44*l + 46. Let f(p) = -3*p**2 - 22*p - 24. Let q(o) = -5*f(o) - 2*i(o). What is the tens digit of q(-10)?
0
Let f(q) be the third derivative of -q**6/12 + q**4/4 + 17*q**3/6 + 90*q**2. What is the hundreds digit of f(-4)?
6
Suppose 4*c + 4*c - 4160 = 0. What is the tens digit of (-7)/1 - (9 - c)?
0
Let u(k) = k**3 + 31158*k**2 - 31133*k**2 - 17*k + k**3 + 2. What is the units digit of u(-13)?
4
Let p = 32 - 26. Let l be (((-4)/p)/((-4)/18))/1. Suppose l*j + 2*a + 2*a - 258 = 0, a = 2*j - 183. What is the units digit of j?
0
Let s be 21/2 - 3/(-6). Suppose -1180 = -s*u + 2285. What is the units digit of u?
5
Let k be 16/(-96) - 86/(-12). Let x be (-2)/k - (-848)/28. Let q = 16 + x. What is the tens digit of q?
4
Let u(z) = -13*z - 31. Let l(a) = -10*a + 3. Let s be l(-2). Suppose -7*x = 79 - s. What is the tens digit of u(x)?
7
Suppose 0 = 3*m - 4*m + 1133. Suppose g = 3*d - g - m, 0 = -5*d + g + 1893. What is the tens digit of d?
7
Let u(a) = 146*a + 179. Let j(o) = 37*o + 45. Let w(t) = 9*j(t) - 2*u(t). What is the units digit of 